5*o + 29. Suppose f + 3*h - 4 = h, 5*f + 3*h - 48 = 0. Let a be v(f). What are the prime factors of (-58)/(-7) - (-2)/a?
2
Let q be 2/((-4)/(-3009)) - (-95)/(-190). Suppose -4*b - 4*h = -q, 3*h = 13*b - 15*b + 755. List the prime factors of b.
373
Let s be (2 + -3 - 1) + 5. Suppose 5*w + 20 = 0, -q + 4*w + 80 = 64. Suppose -f = s*m - q*f - 47, -f + 5 = 0. What are the prime factors of m?
2, 7
Let l(b) = -b - 26. Let y be l(-28). Suppose -p - y*k + 1664 = 0, 5*p = 33*k - 35*k + 8344. What are the prime factors of p?
2, 5, 167
Let t(u) = 6*u - 80. Let w be t(13). List the prime factors of (-44667)/(-126) + 1/w + 1.
5, 71
Suppose 9422 = 30*z - 274678. What are the prime factors of z?
2, 5, 947
What are the prime factors of ((-77024)/20)/((-40)/300)?
2, 3, 29, 83
Let k be -1*(-4)/(-6)*(-72)/(-12). List the prime factors of 2/k + 3817/22.
173
Let h(u) = 56*u - 2. Let a(g) be the second derivative of -g**3 + 19*g**2/2 - 8*g. Let z be a(3). List the prime factors of h(z).
2, 3
Let w = -24 - -108. Suppose -6*z = -7*z - w. What are the prime factors of (9/12)/((-1)/z) + -2?
61
Suppose -2*m + 2*w - 6 = 0, 4*m - 3 + 18 = 5*w. Suppose 3*r + 2252 = 4*z - m*r, -5*r - 2820 = -5*z. Suppose -z = -7*g - 0*g. What are the prime factors of g?
2, 5
Let u = 27470 - 15505. List the prime factors of u.
5, 2393
Let v = 671 + -389. Suppose 0 = 3*d - 2073 + 2409. Let q = d + v. What are the prime factors of q?
2, 5, 17
Suppose -70 = -4*u - 2*p, -96 + 23 = -4*u - 3*p. Let a = -24 + u. List the prime factors of -36*(-4)/6*(-12)/a.
2, 3
Let r(j) = -39*j + 2278. What are the prime factors of r(43)?
601
Let y be 2/(-4) - (1890/(-28))/27. Suppose -y*f - 559 = -1583. List the prime factors of f.
2
Suppose -13*o + 32*o = 95. Suppose 0 = -o*u + 24 + 1091. What are the prime factors of u?
223
Let o be 7/(1 - (678/227)/3). Let k = -597 + o. List the prime factors of k.
2, 31
What are the prime factors of (-40*154/(-275) - -11)*175?
5, 7, 167
Suppose 2*q - 3*i - 8020 = 9708, -17692 = -2*q - 3*i. List the prime factors of q.
5, 7, 11, 23
Let r = -470 + 473. Suppose -584 = -r*f + 1642. List the prime factors of f.
2, 7, 53
Let j(h) = h**3 - 6*h**2 - 6*h - 17. Let t be j(6). Let a(s) = s**2 + 5*s + 3. Let w be a(-3). Let x = w - t. What are the prime factors of x?
2, 5
Suppose -2*j - j + 48 = 0. Let v be (-6)/j + 10/(-16). List the prime factors of 35 - v - (-6 + 3).
3, 13
Let y(v) = 86*v**2 - 443*v + 4884. List the prime factors of y(11).
11, 947
Suppose 178*m - 6984168 = -3592969 + 4163121. What are the prime factors of m?
2, 5, 1061
Let w(a) = 76*a**2 + 12*a - 24. Let i(m) = -m**2 - 14*m + 53. Let b be i(-17). List the prime factors of w(b).
2, 19
Suppose 4083*g + 3682760 = 4175*g. List the prime factors of g.
2, 5, 4003
Let c(u) = u**3 - 3*u**2 + 2*u + 15. Let k be c(0). List the prime factors of (21/k + -1)/(1/2390).
2, 239
Let u be (-6 + (-2)/(-2))*(-14)/35. Let g(l) = -93*l**2 + 2*l - 4. Let x be g(u). Let d = 528 + x. List the prime factors of d.
2, 3, 13
Let o = -3 - -3. Suppose 289*a = 292*a - 66. What are the prime factors of (o - (-2 + 3))/((-1)/a)?
2, 11
Let k be 7/(14/20)*9/18. Suppose -2*o + 606 = 2*d, 19*o - 14*o = k*d - 1475. What are the prime factors of d?
13, 23
Suppose -141 - 15 = -4*n. Suppose d = -5, 1209 = 5*m - 2*d + n. What are the prime factors of m?
2, 29
Let l be 6*(5 - 22/6). Suppose 0*n + 472 = l*n. List the prime factors of n.
59
Suppose 25 = 8*n - 15. Suppose n*i - 16*f = -17*f + 2043, 3*i + 5*f = 1239. What are the prime factors of i?
2, 3, 17
Suppose -52*x + 471*x = 5905386. List the prime factors of x.
2, 3, 29
Suppose -3*o + 4*o = 10. What are the prime factors of (3492/30)/(3/o)?
2, 97
Let k(s) = 1405*s + 7975. List the prime factors of k(55).
2, 5, 11, 31
Let x(p) = 1948*p**2 - 13*p + 12. Let i = 455 - 454. List the prime factors of x(i).
3, 11, 59
Let s = 2263 - 3480. Let f = -119 - s. List the prime factors of f.
2, 3, 61
Let v = 6064 + -2304. List the prime factors of v.
2, 5, 47
Suppose -2*r - 2*g + 5*g + 3 = 0, 2 = -2*r - 2*g. Suppose i - 348 + 189 = r. List the prime factors of i.
3, 53
Suppose -10*s = -6 - 64. Let r(o) = o**2 - 10*o + 2. Let b be r(10). Suppose -s*a + b*a = -280. What are the prime factors of a?
2, 7
Suppose -28*z + 21*z - 13012 = -90397. What are the prime factors of z?
3, 5, 11, 67
Suppose 7*v + 864 = v. Let q = -96 - v. Let k = q - 30. What are the prime factors of k?
2, 3
Suppose 5*r = 2*r. Suppose r = -21*c + 25*c - 2212. Suppose 10*b - 5*b = 2*n + c, -b = n - 105. List the prime factors of b.
109
Suppose -5*l = -4*a + 963, -3*a + 705 = -l + 3*l. Suppose 2*n - a = 195. What are the prime factors of n?
2, 3
Let n be -2263 + 0 - (-55 + 53). Let w = n + 3665. What are the prime factors of w?
2, 3, 13
Let z(x) be the second derivative of 14*x**3 - 25*x**2/2 + x + 12. List the prime factors of z(4).
311
Let v(l) = l**3 - 3*l**2 - 10*l + 2. Let n be v(5). Suppose n*s = -0*s + q + 2, 4*q + 18 = -2*s. List the prime factors of (145 - 4/2) + (s - -2).
2, 3
Suppose 113158 = -21*h + 50*h. List the prime factors of h.
2, 1951
Suppose -50*b = -47*b - 3. What are the prime factors of b + (0/4 + 4 - -11)?
2
Let x(s) be the third derivative of 11*s**5/30 - s**4/12 - 5*s**3/2 - 15*s**2. List the prime factors of x(-3).
3, 7
Suppose 0 = 5*l - 2*h + 29, 9*l - 4*h - 26 = 11*l. Let o = l + 134. What are the prime factors of o?
127
What are the prime factors of 7/((-42)/18) - 8/((-64)/127704)?
2, 3, 5, 7, 19
What are the prime factors of ((-50)/100)/(16/28272*(-6)/16)?
2, 19, 31
Let h(s) = -s + 16. Let q be h(-28). List the prime factors of (-11)/q + 6*4094/16.
5, 307
What are the prime factors of ((-4851)/45)/1*-50?
2, 5, 7, 11
Let r(i) = 89*i - 5. Let v be (-4 + 6)*4/4. Let s be r(v). Suppose 0 = 4*z - s + 1. What are the prime factors of z?
43
Let q = 16249 - 7296. What are the prime factors of q?
7, 1279
Let y be 9/(45/(-3460)) + 18/3. Let x = -450 - y. What are the prime factors of x?
2, 59
Let q(m) = -13*m**3 - 3. Let p be q(2). Let h = 17 - p. Suppose -2*u + 4*v = -7*u + 208, -2*v + h = 3*u. List the prime factors of u.
2, 5
Let l be 25*1/((-5)/3). List the prime factors of 623/1*(8 + (l - -8)).
7, 89
Let m(h) = 15*h**2 + 9*h + 30. Let a be m(-3). Suppose -136*o + a*o = 1262. What are the prime factors of o?
631
Let n be 0/(-1)*(-23)/(-46). Suppose n = -9*w - 2*w + 451. List the prime factors of w.
41
Let y(x) = -x**3 - 28*x**2 - 26*x + 22. Let p be y(-27). Let u be 0*1/p + 550. Suppose -u = 3*d - 14*d. What are the prime factors of d?
2, 5
Let y = 6275 + 627. List the prime factors of y.
2, 7, 17, 29
Let n(m) = -8*m + 5*m + 6 + 10. Suppose 7 = -5*r - 23. List the prime factors of n(r).
2, 17
Let m be (-43)/(-172) - (150/8)/3. Let j(i) = -35*i + 2. Let k be j(m). Suppose -k = -28*u + 24*u. List the prime factors of u.
53
Suppose 4*a = -4*m + 95656, -4*m - 23874 = 4*a - 5*a. List the prime factors of a.
2, 11953
Let m = -35 - -54. Suppose 0 = -k - 18 + m. What are the prime factors of (-19 - -17)/(k/(-20))?
2, 5
Suppose 4*r = 4*h - 804, 3*r + 7*h - 2*h + 627 = 0. Let a be ((-1)/(-2))/((-3)/612). Let o = a - r. What are the prime factors of o?
2, 3, 17
Let u = 6037 + -627. Suppose 14*g - 18*g - x = -4341, 5*g - 2*x - u = 0. List the prime factors of g.
2, 271
Let f = -403 - -163. List the prime factors of (-1 - 5571/(-24)) + 30/f.
3, 7, 11
Let z(u) = -1510*u - 496. What are the prime factors of z(-6)?
2, 2141
Suppose -197076 - 114212 + 29342 = -147*j. List the prime factors of j.
2, 7, 137
Suppose -124*j + 1110367 + 367961 = 0. List the prime factors of j.
2, 3, 1987
Suppose 465*a - 8143 = 458*a + 206148. List the prime factors of a.
11, 23
Let a be 2390/18 - (-4)/18. Suppose b - 197 = -a. List the prime factors of b.
2
Let g be 0*(-3 - (-4 - 4/(-8))). Let z(f) = -4*f + 206. What are the prime factors of z(g)?
2, 103
Suppose 0 = 2*q + 4*u - 8 - 2, 0 = 4*q - u - 29. Let g(l) = 9*l**2 - 7*l - 17. Let v be g(q). Suppose 5*d - 10*d + v = 0. What are the prime factors of d?
3, 5
Let x = -7940 + 7937. Let k(z) be the third derivative of -3*z**4/8 + 13*z**3/6 + z**2. What are the prime factors of k(x)?
2, 5
Let g(f) = 1297*f + 1404. List the prime factors of g(10).
2, 7187
Let y be (-7)/(-5 + 33) - 146/(-8). List the prime factors of y/